 20b60 - -7a9?
21749
In base 12, what is 0 + a77248?
a77248
In base 4, what is 231 + -1003221132?
-1003220301
In base 14, what is -868db - -2c?
-868ad
In base 15, what is -92c9 - 15?
-92de
In base 4, what is 10213001 + 100?
10213101
In base 15, what is -1a643 - -5c8?
-1a06a
In base 7, what is -13611 + -12343?
-26254
In base 5, what is 122 - -233332?
234004
In base 2, what is -111001010001011000 + -1110110000?
-111001100000001000
In base 12, what is -125528 - -1b9?
-12532b
In base 14, what is -2 + 73d715?
73d713
In base 7, what is -4200 + 3603410?
3566210
In base 9, what is 83562643 - -10?
83562653
In base 2, what is 101001010101011 + 1011101101?
101010110011000
In base 15, what is -111860 + 1ba?
-111695
In base 11, what is -33a97 - 1418?
-35404
In base 13, what is 3 - -291259?
29125c
In base 16, what is -45b30 + -2a5?
-45dd5
In base 11, what is 611756 + -7?
61174a
In base 12, what is -aa7 - -2872?
1987
In base 14, what is 4ad1 + c5?
4bb6
In base 16, what is a743 - -658?
ad9b
In base 8, what is 6242 + 363143?
371405
In base 2, what is 10000000000110001110010100 - 1?
10000000000110001110010011
In base 13, what is -4 - -462b7b7?
462b7b3
In base 3, what is 1010021202000121 + 1?
1010021202000122
In base 12, what is a24b69 + -17?
a24b52
In base 2, what is -10101110001011010101101 + -101?
-10101110001011010110010
In base 8, what is -41356536 + -11?
-41356547
In base 11, what is 679284556 - 0?
679284556
In base 15, what is -721c7 - -7c?
-7214a
In base 4, what is -2022023 + -12220?
-2100303
In base 16, what is 1a9cfd97 - -4?
1a9cfd9b
In base 13, what is -13465 - aa?
-13542
In base 11, what is 3 - 24387618?
-24387615
In base 3, what is 102020201110120 - 112?
102020201110001
In base 6, what is -1442 + 1121303?
1115421
In base 12, what is 7716aa2 + -16?
7716a88
In base 11, what is 14 + -121260a?
-12125a6
In base 9, what is 2 + 18344680?
18344682
In base 3, what is 1220011221122 + -21102?
1220011200020
In base 5, what is -12 + -422201433?
-422202000
In base 3, what is 220012110 + 12000222?
1002020102
In base 6, what is 5 + 4104540400?
4104540405
In base 11, what is 111a8 + -1a468?
-9270
In base 8, what is 24 - -55576536?
55576562
In base 10, what is 27 + -3824909?
-3824882
In base 13, what is a - 235823a?
-2358230
In base 5, what is 14304133 + 31?
14304214
In base 12, what is -71757 + -bb?
-71856
In base 6, what is -134524 - -41501?
-53023
In base 4, what is -100132103 - -202?
-100131301
In base 4, what is -10 + -23110212303?
-23110212313
In base 4, what is 132203221122 - -10?
132203221132
In base 4, what is 2011 - -13322103?
13330120
In base 4, what is -301 - -102000220221?
102000213320
In base 3, what is -11002 - 120112000102?
-120112011111
In base 2, what is -110101011100000010011011 + -1?
-110101011100000010011100
In base 14, what is 0 - -291b77?
291b77
In base 2, what is -101 - -11101001110111010001?
11101001110111001100
In base 2, what is -101110101000111011111 - 1?
-101110101000111100000
In base 15, what is 1a90 + -c81?
d0e
In base 13, what is 563b452 + -1?
563b451
In base 11, what is -1 - 4632224?
-4632225
In base 3, what is 1010202011 + 2021122?
1020000210
In base 8, what is 112 - -1053365?
1053477
In base 10, what is 166800 + 157?
166957
In base 10, what is -2 - -9252663?
9252661
In base 12, what is 1 + 1440b7?
1440b8
In base 7, what is 54 + 1163345?
1163432
In base 4, what is 33221032 - 10311?
33210121
In base 16, what is 11 - 139954?
-139943
In base 5, what is 240323141023 - 2?
240323141021
In base 2, what is 1010 + 1010011001110101011?
1010011001110110101
In base 9, what is -2544150 - -63?
-2544076
In base 7, what is -12551634 - 22?
-12551656
In base 8, what is 15 - -523012714?
523012731
In base 3, what is -1212001102201200 - -2?
-1212001102201121
In base 8, what is 33 + -43355732?
-43355677
In base 2, what is 11011011000111100 - -111100?
11011011001111000
In base 16, what is 23 - -661fe?
66221
In base 16, what is 80a + 2a17?
3221
In base 9, what is 306 + 14065?
14372
In base 2, what is -100111010101100111 - 11?
-100111010101101010
In base 9, what is -11067 - -1058?
-10008
In base 16, what is 3 - 103c17?
-103c14
In base 2, what is -110010011001100000111001 - -100?
-110010011001100000110101
In base 12, what is -13 - 143703?
-143716
In base 3, what is -2121021 + 1011220202010?
1011211010212
In base 15, what is -a + 41d4d44?
41d4d39
In base 3, what is 110111 - 1110221011200?
-1110220201012
In base 7, what is -6510442 + 11?
-6510431
In base 14, what is -2745 + -11c5?
-392a
In base 3, what is 2 + -10002111200?
-10002111121
In base 14, what is 1aa2a + -6536?
144d4
In base 7, what is -120236 - -12?
-120224
In base 11, what is -9408 - 4249?
-12656
In base 11, what is 1 + 62280a8?
62280a9
In base 5, what is 3 - -11410412204?
11410412212
In base 5, what is 403034 + -310140?
42344
In base 10, what is 19179294 + -2?
19179292
In base 4, what is -1322130 + -2021023?
-10003213
In base 11, what is -6631 - 1080?
-7701
In base 3, what is 12101012102 - 12020000?
12011222102
In base 16, what is 39cfa6 - 1?
39cfa5
In base 11, what is 17182 - 1383?
158aa
In base 15, what is -e631 + -1510?
-10b41
In base 3, what is -21 - -2000000110202?
2000000110111
In base 8, what is -401 + 13032645?
13032244
In base 9, what is -235 - -582032?
581686
In base 12, what is -130 - 2121?
-2251
In base 7, what is -10656552 - 11?
-10656563
In base 3, what is 0 - 2221110220012?
-2221110220012
In base 8, what is 11 - -1710703753?
1710703764
In base 5, what is -123004043 + -14?
-123004112
In base 12, what is -1a70a - -2a41?
-17889
In base 4, what is -23022113032 + -1?
-23022113033
In base 3, what is -11 - -22120022212201?
22120022212120
In base 15, what is -ac347 - -2?
-ac345
In base 16, what is 214896f - 6?
2148969
In base 12, what is 1823825 - 2?
1823823
In base 13, what is 4084 - 1c16?
216b
In base 7, what is -220 - 420600?
-421120
In base 4, what is -211 + 2210222333?
2210222122
In base 16, what is -2 + -529d748?
-529d74a
In base 16, what is -dbf + -1b7?
-f76
In base 8, what is -3044706416 - 1?
-3044706417
In base 14, what is -baa3b + -69?
-baaa6
In base 5, what is 4 - 14302340444?
-14302340440
In base 2, what is -1000111000 - -1010010110000110?
1010001101001110
In base 9, what is -7682348 + -12?
-7682361
In base 4, what is 1211110223 + -311?
1211103312
In base 4, what is -3 - 332322320203?
-332322320212
In base 2, what is -1001011010001001 + 10100101?
-1001010111100100
In base 13, what is -25552b8 - -4a?
-255526b
In base 4, what is 13013030 + -2311?
13010113
In base 9, what is -245682 + -112?
-245804
In base 13, what is 5 - 762b233?
-762b22b
In base 11, what is 5838 - 328a?
2559
In base 14, what is -9225 + -899d?
-13bc4
In base 9, what is -72 - -5603144?
5603062
In base 7, what is -51 - -631341?
631260
In base 3, what is -112 + 1002010120010?
1002010112121
In base 13, what is 19 - -469cb?
46a17
In base 13, what is -491a15c - -5?
-491a157
In base 16, what is 239fb + -1?
239fa
In base 3, what is -11 + -110220101200021000?
-110220101200021011
In base 5, what is -3310 + -103241313?
-103300123
In base 12, what is 3a7b + 2623?
64a2
In base 13, what is -3 - -163875?
163872
In base 9, what is -350 - 844030?
-844380
In base 12, what is 16216 + -4662?
11774
In base 10, what is 123128 + -2026?
121102
In base 3, what is 1122220012100 - 20121?
1122212221202
In base 11, what is -191a8 + 0?
-191a8
In base 14, what is -151 - 2c9c?
-300d
In base 11, what is 583246 + 32?
583278
In base 3, what is -101110222212112222 + 11?
-101110222212112211
In base 12, what is -78804 - -1b3?
-78611
In base 13, what is -3588a4 - b?
-3588b2
In base 5, what is -4 - 44342312?
-44342321
In base 13, what is -3 + 7004878?
7004875
In base 13, what is -448290 + 15?
-448278
In base 2, what is -1 - -1001011001000110011100?
1001011001000110011011
In base 3, what is 212020010111 - -1222?
212020012110
In base 7, what is 4351556651 + -3?
4351556645
In base 2, what is 101 - -100000001110000010110?
100000001110000011011
In base 8, what is 27077621 - 122?
27077477
In base 15, what is -3 + 2612457?
2612454
In base 7, what is -254055 + -23455?
-310543
In base 14, what is 6cd1 + -38?
6c97
In base 5, what is 3210413101313 - 4?
3210413101304
In base 5, what is -3302440 - -411?
-3302024
In base 6, what is -1515 + 152434?
150515
In base 4